highest common divisor of 464 and 127368.
232
What is the greatest common factor of 434 and 587512?
62
Calculate the highest common divisor of 15057 and 42.
21
What is the highest common divisor of 299 and 4693?
13
What is the highest common factor of 15 and 43535?
5
Calculate the highest common divisor of 88 and 5086598.
22
Calculate the highest common divisor of 8010 and 1560.
30
Calculate the greatest common factor of 6 and 530650.
2
What is the greatest common factor of 8734 and 2838?
22
What is the greatest common factor of 2004 and 86840?
668
What is the highest common factor of 10764 and 128892?
276
Calculate the greatest common factor of 720 and 121840.
80
What is the highest common factor of 232 and 136677?
29
Calculate the greatest common factor of 110 and 4285.
5
Calculate the highest common factor of 22098 and 12.
6
What is the highest common divisor of 1846 and 10192?
26
Calculate the highest common factor of 4620 and 65730.
210
Calculate the greatest common divisor of 62711 and 11.
11
What is the greatest common factor of 34104 and 261?
87
What is the greatest common divisor of 15704 and 65?
13
What is the highest common factor of 1572 and 1488?
12
Calculate the greatest common divisor of 338 and 113906.
338
What is the highest common factor of 31605 and 1634?
43
What is the highest common factor of 11520 and 65610?
90
Calculate the greatest common divisor of 55071 and 63.
9
What is the greatest common divisor of 6042 and 3127?
53
Calculate the highest common factor of 506 and 485606.
22
What is the greatest common factor of 34 and 80733?
17
Calculate the greatest common factor of 13794 and 570.
114
Calculate the highest common divisor of 243 and 79623.
81
What is the greatest common factor of 133 and 4256?
133
What is the greatest common factor of 1701 and 76221?
81
Calculate the highest common factor of 2384 and 129928.
1192
Calculate the highest common factor of 45629 and 1236.
103
What is the highest common divisor of 66 and 102498?
66
Calculate the highest common factor of 690 and 665505.
345
Calculate the greatest common divisor of 446595 and 3135.
285
Calculate the greatest common divisor of 710 and 5070.
10
Calculate the greatest common divisor of 5742 and 28884.
174
Calculate the greatest common divisor of 21168 and 245.
49
Calculate the greatest common divisor of 11949 and 420.
21
What is the greatest common divisor of 93720 and 11?
11
What is the highest common divisor of 9747 and 413345?
361
What is the highest common factor of 1505 and 28?
7
Calculate the greatest common divisor of 47090 and 3145.
85
Calculate the greatest common divisor of 275713 and 10351.
941
What is the greatest common factor of 179361 and 117?
117
Calculate the greatest common factor of 1410 and 44321.
47
What is the greatest common factor of 3582 and 68456?
398
What is the greatest common divisor of 558575 and 25?
25
What is the highest common divisor of 864 and 37206?
54
What is the highest common divisor of 390483 and 3483?
387
Calculate the greatest common factor of 1755 and 115245.
585
Calculate the greatest common divisor of 112 and 136016.
16
What is the greatest common divisor of 177213 and 228?
57
Calculate the highest common divisor of 106638 and 2478.
42
Calculate the highest common factor of 130 and 148499.
13
Calculate the greatest common factor of 832 and 232128.
832
Calculate the highest common divisor of 270 and 5571.
9
What is the highest common factor of 10304 and 66332?
644
What is the highest common divisor of 4500 and 2080?
20
What is the highest common divisor of 11 and 5834?
1
What is the greatest common factor of 925 and 34525?
25
What is the greatest common factor of 403 and 360251?
31
What is the greatest common factor of 38276 and 406?
14
What is the greatest common divisor of 208359 and 81?
27
Calculate the highest common divisor of 1499433 and 117.
39
What is the highest common factor of 188 and 1204563?
47
Calculate the highest common factor of 606736 and 208.
208
Calculate the highest common divisor of 1065 and 16635.
15
What is the greatest common divisor of 1168 and 110312?
8
Calculate the highest common divisor of 171274 and 232.
58
Calculate the greatest common factor of 92 and 37292.
4
What is the greatest common divisor of 9 and 123294?
3
Calculate the greatest common divisor of 57376 and 448.
32
What is the greatest common factor of 1042 and 296449?
521
What is the highest common factor of 834 and 2448?
6
Calculate the highest common divisor of 622 and 228274.
622
What is the greatest common factor of 2650 and 51410?
530
What is the highest common divisor of 2016 and 34848?
288
Calculate the highest common factor of 314704 and 260.
52
Calculate the greatest common factor of 52487 and 5110.
73
What is the highest common divisor of 7 and 17857?
7
What is the highest common divisor of 374129 and 1653?
551
Calculate the highest common factor of 137235 and 630.
105
Calculate the greatest common factor of 301801 and 4879.
697
Calculate the highest common factor of 270512 and 212.
212
What is the highest common divisor of 84899 and 1825?
73
What is the highest common divisor of 12496 and 95920?
176
Calculate the greatest common factor of 69 and 1313139.
69
Calculate the highest common factor of 912 and 18672.
48
Calculate the greatest common divisor of 264 and 187176.
264
Calculate the greatest common factor of 16165 and 24645.
265
What is the highest common divisor of 518 and 129241?
259
Calculate the highest common divisor of 1277770 and 390.
130
What is the greatest common factor of 20565 and 186913?
457
Calculate the greatest common divisor of 184985 and 15.
5
Calculate the highest common factor of 9052 and 9563.
73
What is the highest common factor of 17928 and 196212?
996
What is the greatest common factor of 458 and 1305300?
458
Calculate the highest common divisor of 231 and 75724.
11
What is the highest common factor of 697 and 50218?
17
What is the greatest common factor of 248920 and 252?
28
What is the highest common divisor of 27894 and 30?
6
Calculate the greatest common factor of 7020 and 4104.
108
Calculate the greatest common divisor of 4 and 321632.
4
Calculate the highest common factor of 2562 and 117369.
21
What is the highest common factor of 798 and 40242?
114
Calculate the highest common factor of 524 and 6212.
4
What is the highest common factor of 3150 and 65310?
210
Calculate the highest common factor of 279 and 427149.
279
What is the greatest common factor of 1610 and 42970?
10
What is the greatest common factor of 111447 and 3857?
203
What is the greatest common factor of 2732145 and 117?
39
Calculate the highest common factor of 17170 and 3145.
85
What is the highest common factor of 919518 and 8606?
662
Calculate the greatest common factor of 69894 and 3.
3
Calculate the highest common divisor of 171160 and 1720.
40
What is the greatest common factor of 1625230 and 40?
10
Calculate the highest common factor of 89550 and 11250.
450
What is the highest common divisor of 6 and 416010?
6
What is the highest common divisor of 31930 and 3502?
206
Calculate the highest common divisor of 583443 and 23667.
1029
Calculate the greatest common divisor of 17204 and 56419.
253
What is the greatest common divisor of 84 and 3507?
21
Calculate the greatest common divisor of 1273 and 94069.
19
What is the greatest common divisor of 10240 and 516608?
512
What is the highest common divisor of 2640 and 15752?
88
What is the greatest common divisor of 3872 and 1408?
352
What is the greatest common divisor of 1470 and 9030?
210
Calculate the highest common factor of 94976 and 1.
1
What is the highest common factor of 1584 and 34992?
144
What is the greatest common divisor of 1272 and 3286?
106
Calculate the greatest common factor of 1925988 and 24.
12
Calculate the highest common factor of 18101 and 23.
23
Calculate the greatest common factor of 324716 and 406.
14
What is the highest common divisor of 577685 and 31?
31
Calculate the greatest common factor of 4293 and 6642.
81
Calculate the highest common divisor of 19758 and 3330.
222
Calculate the greatest common factor of 30847 and 327.
109
What is the greatest common divisor of 16 and 68?
4
What is the greatest common divisor of 78 and 61422?
6
What